+ 5*j + 7. Let l be 1 + c/((-10)/126). Let y = 144 - l. What is the highest common divisor of 16 and y?
16
Let x = 193 + -131. Suppose 775 = 6*h - h. What is the greatest common divisor of h and x?
31
Let t be 1045/44 + (-3)/36*-3. Calculate the greatest common factor of t and 144.
24
Suppose -4*h + h = 3. Let t be 58 + (2 - 4 - h). Calculate the highest common divisor of t and 19.
19
Let a = -13 - -29. What is the highest common factor of a and 4?
4
Suppose -7*p + 3*p = -440. Suppose 0 = 5*u - 29 - 21. What is the highest common divisor of u and p?
10
Let t(l) = -2*l + 6. Let d be t(-5). Suppose 5*f = 2*f. Let r = d + f. What is the greatest common divisor of r and 4?
4
Let j = -37 - 24. Let u be -2 + -1 - (7 + 75). Let h = j - u. What is the greatest common factor of 6 and h?
6
Let g(j) = 4*j**3 - 4*j**2 + 2*j + 1. Let w be g(2). Calculate the greatest common divisor of w and 189.
21
Let v = 246 - 25. What is the greatest common factor of v and 17?
17
Let l(r) = -r**2 - 12*r + 8. Let i = -4 + -8. Let t be l(i). Calculate the highest common divisor of t and 8.
8
Let p = 300 - 183. What is the greatest common divisor of 13 and p?
13
Suppose 0 = 3*p - 24 - 15. Let c be (-7 - -1)*2/(-6). Suppose -69 = -5*v - 2*s, 37 + 24 = 5*v - c*s. What is the greatest common factor of p and v?
13
Let j = -3 - -5. Let r be 2/7 + (-55)/(-77). Suppose 0 = 3*d - r - 11. Calculate the highest common divisor of d and j.
2
Let y = 5 + -3. Suppose 0 = -4*r + 4*s - 32, 4*s = -r - 0*s + y. Let t = r - -15. Calculate the greatest common divisor of 27 and t.
9
Let p be (-18)/12 - (-3)/(-2). Let q(l) = -l**2 - 6*l - 7. Let a be q(p). Calculate the greatest common factor of 4 and a.
2
Suppose 2*p + p + 6 = -3*y, 3*p + 24 = 3*y. Suppose -y*r = -0*r - 12. Let l = 5 - r. Calculate the greatest common factor of 1 and l.
1
Suppose b + 5*u = -0 + 7, -2*b + 62 = -2*u. Suppose 3*a - 88 = -2*a + j, 5*a - 98 = -4*j. Calculate the greatest common factor of b and a.
9
Let f(g) = -3 + 3*g**3 - 5*g + 0*g**3 + 8 - 1 + 5*g**2. Let r be f(3). What is the highest common factor of 46 and r?
23
Suppose -2*y + 2*w = -5*y + 20, -5*y - 3*w = -32. Suppose 9 = 5*k + y. What is the highest common divisor of k and 5?
1
Suppose 3*y - 2 = 13. Suppose -y*b = -b - 144. What is the highest common factor of 4 and b?
4
Let o be ((-4)/3)/2*693/(-7). Calculate the highest common divisor of o and 12.
6
Let i(m) = -2*m + 5 - m**3 + 0*m**2 - m**2 + 7 + 3*m. Let u be i(0). Suppose 5*y - 2*s - 46 = -5*s, y - u = -2*s. What is the greatest common factor of y and 2?
2
Let n = 10 + 32. Calculate the highest common divisor of 294 and n.
42
Suppose -3*n + 2 = -2*n. What is the greatest common divisor of n and 18?
2
Let c be -1 - (-2 - (-1)/(-1)). Suppose d = 3*u - c*d, -5*u + 3*d = -10. Let j = u - -7. What is the highest common divisor of j and 12?
12
Suppose 2*d = 4*d - 20. Let y = d + 10. Calculate the greatest common factor of 20 and y.
20
Let k = 156 + -154. Calculate the highest common factor of k and 10.
2
Let z be -3 + 5 + 1 + 0. Let d be z*(-2)/(-5 + -1). What is the greatest common factor of d and 3?
1
Suppose 2*u + 3*u = 55. Suppose -4*c - u = -3*a, 0*a + a - 10 = -5*c. Let i = 9 - 4. What is the highest common factor of i and a?
5
Suppose -5*z - 48 = -z. Let x be ((-2)/(-4) + -1)*z. Let t = x - 4. Calculate the greatest common divisor of 14 and t.
2
Let a be (-1)/(-2) + (-2)/(-4). Calculate the greatest common factor of 1 and a.
1
Suppose -3*o + 2*o = -99. What is the highest common divisor of 11 and o?
11
Let u(q) = -q**3 - 10*q**2 - 5*q + 6. Let a be u(-10). Let w = 7 + 7. Calculate the highest common divisor of w and a.
14
Let f be (-2)/3*(-75)/(-100)*-10. Let q be 41 - (2 + 2/(-2)). What is the greatest common divisor of q and f?
5
Let n be 0 - 1/(-1) - 1. Suppose 2*j + 3*q - 8 = 15, -5*j + q + 66 = n. What is the highest common divisor of j and 104?
13
Let p = -14 - -17. Suppose -p*b = -8*b + 30. Suppose -v = 2*v - 126. What is the highest common factor of b and v?
6
Suppose 0 = 2*x - r - 10, x - 6*x - r = -39. Let d = x + -1. Calculate the greatest common factor of d and 3.
3
Suppose -3*z + 4*z = 6. What is the highest common divisor of z and 30?
6
Suppose -2*l = -g + 16, -5*g + 3*l + 80 = -0*l. Calculate the highest common factor of 80 and g.
16
Let a(p) = -2*p**2 + 20*p + 1. Let l be a(9). Calculate the greatest common divisor of 133 and l.
19
Let h(o) = 32*o**3 + o. Let k be h(1). Suppose -c = -5*f + 19 - 51, 3*c - 3*f = 72. Calculate the greatest common divisor of k and c.
11
Let s(r) = r**2 - 4. Let u = -5 - -5. Let y be s(u). Let l be (-218)/(-4) - y/8. What is the greatest common factor of l and 5?
5
Suppose m - 2*z = -2*m + 50, -4*z + 12 = 2*m. What is the greatest common divisor of m and 14?
14
Let t be 8/(-20) - (-334)/10. Let x = t + -13. What is the highest common factor of 5 and x?
5
Let g be 1 + -3 + 2 - -3. Let v be (-3)/(-1)*(-14)/(-6). Suppose -30 = -v*z + 5*z. Calculate the greatest common divisor of z and g.
3
Let t(i) = i**2 - 10*i - 9. Let p be t(11). Suppose 0 = -p*w + w + 10. What is the highest common factor of 25 and w?
5
Let i be 58/(-4)*-2 - 2. Suppose 0 = -4*d - 0*d + 72. What is the highest common divisor of i and d?
9
Let q = -2 - -14. What is the greatest common divisor of 108 and q?
12
Let r(d) = d + 3. Let z be r(3). Calculate the greatest common factor of z and 60.
6
Suppose -2*h + 8 = -22. Let w be (-126)/(-10) + 6/h. Let x be w/(-2)*-1*22. Calculate the highest common factor of 13 and x.
13
Suppose 3*i - 60 = -2*i + 2*p, 4*i + 4*p = 76. What is the greatest common divisor of i and 98?
14
Let y be -3 + (-3 - 0) - 0. Let j be 0/3 - (y + -5). What is the highest common factor of 121 and j?
11
Let a = 72 - 32. What is the greatest common factor of 16 and a?
8
Let h = -18 + 18. Let f be 1 + (16 - (h - -1)). Calculate the greatest common factor of f and 48.
16
Let t(f) = -f + 2*f**3 - 4*f**2 + 2*f**3 - 7 - 2*f**3 - f**3. Let i be t(5). Suppose i = 2*x - 27. What is the highest common factor of 50 and x?
10
Let k(f) = -f**3 + 5*f**2 + 3*f - 3. Let p be k(5). Suppose 4*j - b - b - 194 = 0, 53 = j - 5*b. Calculate the greatest common divisor of p and j.
12
Let x(m) = 3*m**2 - 2*m - 11. Let z(c) = -2*c**2 + c + 10. Let s(a) = 3*x(a) + 4*z(a). Let f be s(4). Calculate the greatest common divisor of 75 and f.
15
Let j be (8/(-5))/(20/(-150)). Calculate the highest common divisor of 36 and j.
12
Let q = 6 - -5. Calculate the greatest common divisor of 121 and q.
11
Let b be (-190)/(-4)*4*2/4. Calculate the highest common divisor of 5 and b.
5
Suppose -13 = -3*a + 2*a. Let t be 2578/22 - (-20)/(-110). What is the greatest common divisor of a and t?
13
Suppose 17 + 29 = 4*x + 2*m, -x - 5*m + 34 = 0. Suppose -2*s = -4*s + 198. Calculate the highest common factor of s and x.
9
Let d(t) = -t**3 + t**2 - 18. Let n be d(-6). Let c be (2/4)/((-2)/(-104)). Calculate the highest common divisor of c and n.
26
Let y be ((-1)/(15/12))/((-7)/140). What is the greatest common divisor of y and 56?
8
Let p(o) be the second derivative of -3/2*o**3 + 0*o**2 - 2*o + 0. Let k be p(-1). What is the greatest common factor of 9 and k?
9
Suppose 0 = 5*j + 25, -5*n - 5*j = 105. Let c = n + 88. Calculate the highest common factor of c and 9.
9
Let l be (-43 - 3/(-1))/(-2). Calculate the greatest common factor of 10 and l.
10
Let w(y) = -2 + 0 - 6*y + 7*y. Let i be w(8). Suppose -2*u + 2*b - 2 = -0, -5*u = -4*b + 1. What is the greatest common divisor of u and i?
3
Let l(p) = -28*p + 4. Let h be l(-3). Suppose -110 = -8*c + 3*c. What is the highest common divisor of c and h?
22
Let g = -14 + 40. What is the greatest common factor of 208 and g?
26
Let s = 55 - -37. Suppose 3*h + h = -s. Let b = -8 - h. What is the highest common divisor of 150 and b?
15
Let n(q) = -4 + 2 + 6*q**2 + 3 + 35*q**2 + 2*q. Let a be n(-1). Calculate the greatest common factor of a and 5.
5
Suppose 4*t + 316 = 5*m, -14*m = -9*m - t - 304. Calculate the highest common divisor of m and 40.
20
Suppose d - 5*d - 5*v = -194, 2*v + 180 = 4*d. What is the highest common divisor of d and 69?
23
Let q = -90 + 34. Let n = q - -112. What is the highest common factor of n and 8?
8
Let p be 44/3 + (-14)/21. Calculate the greatest common f